{"id":115,"date":"2018-12-28T13:03:42","date_gmt":"2018-12-28T12:03:42","guid":{"rendered":"http:\/\/ksm.legnica.pl\/?page_id=115"},"modified":"2023-01-02T21:22:12","modified_gmt":"2023-01-02T20:22:12","slug":"40dlz","status":"publish","type":"page","link":"https:\/\/ksm.legnica.pl\/index.php\/40dlz\/","title":{"rendered":"40 dni dla \u017cycia"},"content":{"rendered":"<p><img loading=\"lazy\" class=\"size-large wp-image-1534 aligncenter\" src=\"https:\/\/ksm.legnica.pl\/wp-content\/uploads\/2023\/01\/40dni2023-724x1024.png\" alt=\"\" width=\"525\" height=\"743\" \/><\/p>\n<p style=\"text-align: left;\">Zapraszamy wszystkich do udzia\u0142u w naszym wydarzeniu pro-life, jakim jest &#8222;<i>40 dni dla \u017cycia&#8221;.<\/i><\/p>\n<p style=\"text-align: left;\"><strong>Na czym polega akcja? <\/strong><\/p>\n<p style=\"text-align: justify;\"><b>O p\u00f3\u0142nocy w \u015arod\u0119 Popielcow\u0105 (22 lutego 2023)<\/b> rozpocznie si\u0119 krucjata modlitewna, kt\u00f3ra &#8211; trwaj\u0105c do p\u00f3\u0142nocy<b>\u00a0Niedzieli Palmowej (10 kwietnia 2022)<\/b> &#8211; b\u0119dzie nieprzerwanie nasz\u0105 modlitwa szturmowa\u0142a Niebo w tych wa\u017cnych dla nas intencjach, jakimi jest powstrzymanie \u015bwiata przed zabijaniem dzieci nienarodzonych, a tak\u017ce pok\u00f3j na \u015bwiecie.<!--more--><br \/>\n<span style=\"text-decoration: underline;\">40 dni to tylko 960 godzin. Godzin, kt\u00f3re mog\u0105 uratowa\u0107 \u017cycie!<\/span> Ka\u017cdy, kto chce si\u0119 w\u0142\u0105czy\u0107 w akcj\u0119, wybiera sobie dogodny dla siebie termin i godzin\u0119, nast\u0119pnie poprzez kontakt z koordynatorami wydarzenia wpisuje si\u0119 do naszego kalendarza modlitwy umieszczonego na naszej stronie internetowej, zobowi\u0105zuj\u0105c si\u0119 tym samym do po\u015bwi\u0119cenia ca\u0142ej godziny na modlitw\u0119 w naszej sprawie. Jakiej modlitwie? Dowolnej. Mo\u017ce to by\u0107 R\u00f3\u017caniec, Koronka do Mi\u0142osierdzia Bo\u017cego, rozwa\u017canie Pisma \u015awi\u0119tego, litanie itd. Najwa\u017cniejsze, by modlitwa trwa\u0142a ca\u0142a godzin\u0119, bo tylko wtedy mo\u017cemy m\u00f3wi\u0107 o nieprzerwanej modlitwie.<\/p>\n<p style=\"text-align: justify;\">Wybieramy JEDN\u0104 lub wi\u0119cej (w zale\u017cno\u015bci od ch\u0119ci i mo\u017cliwo\u015bci) godzin\u0119 w ci\u0105gu ca\u0142ej akcji. Prosimy o zapisy od pe\u0142nych godzin, aby nie komplikowa\u0107 kalendarza, je\u017celi to mo\u017cliwe. Przyjmujemy zg\u0142oszenia ch\u0119tnych, ka\u017cda godzina modlitwy ma znaczenie, im wi\u0119cej os\u00f3b si\u0119 modli, tym wi\u0119ksz\u0105 moc ma nasza modlitwa!<\/p>\n<p style=\"text-align: justify;\">Zapraszamy wszystkich do zaanga\u017cowania si\u0119 w akcje i dawania \u015bwiadectwa wiary i warto\u015bci \u017cycia ludzkiego.<\/p>\n<p style=\"text-align: justify;\">W celu zg\u0142oszenia i wszelakich pyta\u0144 prosimy o kontakt mailowy na <a href=\"mailto:40dni@ksm.legnica.pl\"><strong>40dni@ksm.legnica.pl<\/strong><\/a>, telefonicznie pod numerem <strong>513 129 362 <\/strong>w godz. 10.00 &#8211; 18.00 lub przez <a href=\"https:\/\/40dni.ksm.legnica.pl\/\"><strong>formularz kontaktowy<\/strong><\/a>.<\/p>\n<p style=\"text-align: center;\">Przez cnot\u0119, nauk\u0119 i prac\u0119 s\u0142u\u017cy\u0107 Bogu i Ojczy\u017anie. GOT\u00d3W!<\/p>\n<p style=\"text-align: center;\"><iframe loading=\"lazy\" style=\"border: solid 1px #777;\" src=\"https:\/\/calendar.google.com\/calendar\/embed?height=600&amp;wkst=2&amp;bgcolor=%23ffffff&amp;ctz=Europe%2FWarsaw&amp;src=cmpuaHFrcDIycWwwdHZjdXBoc2RrdDE5NDRAZ3JvdXAuY2FsZW5kYXIuZ29vZ2xlLmNvbQ&amp;hl=pl&amp;mode=WEEK&amp;showTz=1&amp;showCalendars=0&amp;showPrint=0&amp;showTabs=0&amp;showNav=1&amp;showTitle=1&amp;showDate=1\" width=\"800\" height=\"600\" frameborder=\"0\" scrolling=\"no\"><\/iframe><\/p>\n<p style=\"text-align: center;\"><strong><a href=\"https:\/\/40dni.ksm.legnica.pl\/wp-content\/uploads\/2023\/01\/40dni2023.pdf\">Pobierz plakat do druku (pionowy pdf)<\/a>\u00a0<\/strong><a href=\"https:\/\/40dni.ksm.legnica.pl\/wp-content\/uploads\/2023\/01\/40dni2023.png\" data-rel=\"lightbox-image-0\" data-rl_title=\"\" data-rl_caption=\"\" title=\"\">(pionowy PNG)<\/a> <a href=\"https:\/\/40dni.ksm.legnica.pl\/wp-content\/uploads\/2023\/01\/40dni2023poz.png\" data-rel=\"lightbox-image-1\" data-rl_title=\"\" data-rl_caption=\"\" title=\"\">(baner PNG)<\/a> <a href=\"https:\/\/40dni.ksm.legnica.pl\/wp-content\/uploads\/2023\/01\/40dni2023poz.pdf\">(baner PDF)<\/a><\/p>\n<p style=\"text-align: center;\">Autor grafiki na plakacie: Amelia Modzelewska.<\/p>\n<p>&nbsp;<\/p>\n","protected":false},"excerpt":{"rendered":"<p>Zapraszamy wszystkich do udzia\u0142u w naszym wydarzeniu pro-life, jakim jest &#8222;40 dni dla \u017cycia&#8221;. Na czym polega akcja? O p\u00f3\u0142nocy w \u015arod\u0119 Popielcow\u0105 (22 lutego 2023) rozpocznie si\u0119 krucjata modlitewna, kt\u00f3ra &#8211; trwaj\u0105c do p\u00f3\u0142nocy\u00a0Niedzieli Palmowej (10 kwietnia 2022) &#8211; b\u0119dzie nieprzerwanie nasz\u0105 modlitwa szturmowa\u0142a Niebo w tych wa\u017cnych dla nas intencjach, jakimi jest powstrzymanie &hellip; <\/p>\n<p class=\"link-more\"><a href=\"https:\/\/ksm.legnica.pl\/index.php\/40dlz\/\" class=\"more-link\">Czytaj dalej<span class=\"screen-reader-text\"> \u201e40 dni dla \u017cycia\u201d<\/span><\/a><\/p>\n","protected":false},"author":4,"featured_media":0,"parent":0,"menu_order":0,"comment_status":"closed","ping_status":"closed","template":"","meta":[],"_links":{"self":[{"href":"https:\/\/ksm.legnica.pl\/index.php\/wp-json\/wp\/v2\/pages\/115"}],"collection":[{"href":"https:\/\/ksm.legnica.pl\/index.php\/wp-json\/wp\/v2\/pages"}],"about":[{"href":"https:\/\/ksm.legnica.pl\/index.php\/wp-json\/wp\/v2\/types\/page"}],"author":[{"embeddable":true,"href":"https:\/\/ksm.legnica.pl\/index.php\/wp-json\/wp\/v2\/users\/4"}],"replies":[{"embeddable":true,"href":"https:\/\/ksm.legnica.pl\/index.php\/wp-json\/wp\/v2\/comments?post=115"}],"version-history":[{"count":31,"href":"https:\/\/ksm.legnica.pl\/index.php\/wp-json\/wp\/v2\/pages\/115\/revisions"}],"predecessor-version":[{"id":1542,"href":"https:\/\/ksm.legnica.pl\/index.php\/wp-json\/wp\/v2\/pages\/115\/revisions\/1542"}],"wp:attachment":[{"href":"https:\/\/ksm.legnica.pl\/index.php\/wp-json\/wp\/v2\/media?parent=115"}],"curies":[{"name":"wp","href":"https:\/\/api.w.org\/{rel}","templated":true}]}}

40 dni dla życia

<p><img loading="lazy" class="size-large wp-image-1534 aligncenter" src="https://ksm.legnica.pl/wp-content/uploads/2023/01/40dni2023-724x1024.png" alt="" width="525" height="743" /></p>
<p style="text-align: left;">Zapraszamy wszystkich do udziału w naszym wydarzeniu pro-life, jakim jest &#8222;<i>40 dni dla życia&#8221;.</i></p>
<p style="text-align: left;"><strong>Na czym polega akcja? </strong></p>
<p style="text-align: justify;"><b>O północy w Środę Popielcową (22 lutego 2023)</b> rozpocznie się krucjata modlitewna, która &#8211; trwając do północy<b> Niedzieli Palmowej (10 kwietnia 2022)</b> &#8211; będzie nieprzerwanie naszą modlitwa szturmowała Niebo w tych ważnych dla nas intencjach, jakimi jest powstrzymanie świata przed zabijaniem dzieci nienarodzonych, a także pokój na świecie.<!--more--><br />
<span style="text-decoration: underline;">40 dni to tylko 960 godzin. Godzin, które mogą uratować życie!</span> Każdy, kto chce się włączyć w akcję, wybiera sobie dogodny dla siebie termin i godzinę, następnie poprzez kontakt z koordynatorami wydarzenia wpisuje się do naszego kalendarza modlitwy umieszczonego na naszej stronie internetowej, zobowiązując się tym samym do poświęcenia całej godziny na modlitwę w naszej sprawie. Jakiej modlitwie? Dowolnej. Może to być Różaniec, Koronka do Miłosierdzia Bożego, rozważanie Pisma Świętego, litanie itd. Najważniejsze, by modlitwa trwała cała godzinę, bo tylko wtedy możemy mówić o nieprzerwanej modlitwie.</p>
<p style="text-align: justify;">Wybieramy JEDNĄ lub więcej (w zależności od chęci i możliwości) godzinę w ciągu całej akcji. Prosimy o zapisy od pełnych godzin, aby nie komplikować kalendarza, jeżeli to możliwe. Przyjmujemy zgłoszenia chętnych, każda godzina modlitwy ma znaczenie, im więcej osób się modli, tym większą moc ma nasza modlitwa!</p>
<p style="text-align: justify;">Zapraszamy wszystkich do zaangażowania się w akcje i dawania świadectwa wiary i wartości życia ludzkiego.</p>
<p style="text-align: justify;">W celu zgłoszenia i wszelakich pytań prosimy o kontakt mailowy na <a href="mailto:40dni@ksm.legnica.pl"><strong>40dni@ksm.legnica.pl</strong></a>, telefonicznie pod numerem <strong>513 129 362 </strong>w godz. 10.00 &#8211; 18.00 lub przez <a href="https://40dni.ksm.legnica.pl/"><strong>formularz kontaktowy</strong></a>.</p>
<p style="text-align: center;">Przez cnotę, naukę i pracę służyć Bogu i Ojczyźnie. GOTÓW!</p>
<p style="text-align: center;"><iframe loading="lazy" style="border: solid 1px #777;" src="https://calendar.google.com/calendar/embed?height=600&amp;wkst=2&amp;bgcolor=%23ffffff&amp;ctz=Europe%2FWarsaw&amp;src=cmpuaHFrcDIycWwwdHZjdXBoc2RrdDE5NDRAZ3JvdXAuY2FsZW5kYXIuZ29vZ2xlLmNvbQ&amp;hl=pl&amp;mode=WEEK&amp;showTz=1&amp;showCalendars=0&amp;showPrint=0&amp;showTabs=0&amp;showNav=1&amp;showTitle=1&amp;showDate=1" width="800" height="600" frameborder="0" scrolling="no"></iframe></p>
<p style="text-align: center;"><strong><a href="https://40dni.ksm.legnica.pl/wp-content/uploads/2023/01/40dni2023.pdf">Pobierz plakat do druku (pionowy pdf)</a> </strong><a href="https://40dni.ksm.legnica.pl/wp-content/uploads/2023/01/40dni2023.png" data-rel="lightbox-image-0" data-rl_title="" data-rl_caption="" title="">(pionowy PNG)</a> <a href="https://40dni.ksm.legnica.pl/wp-content/uploads/2023/01/40dni2023poz.png" data-rel="lightbox-image-1" data-rl_title="" data-rl_caption="" title="">(baner PNG)</a> <a href="https://40dni.ksm.legnica.pl/wp-content/uploads/2023/01/40dni2023poz.pdf">(baner PDF)</a></p>
<p style="text-align: center;">Autor grafiki na plakacie: Amelia Modzelewska.</p>
<p>&nbsp;</p>

<p>Zapraszamy wszystkich do udziału w naszym wydarzeniu pro-life, jakim jest &#8222;40 dni dla życia&#8221;. Na czym polega akcja? O północy w Środę Popielcową (22 lutego 2023) rozpocznie się krucjata modlitewna, która &#8211; trwając do północy Niedzieli Palmowej (10 kwietnia 2022) &#8211; będzie nieprzerwanie naszą modlitwa szturmowała Niebo w tych ważnych dla nas intencjach, jakimi jest powstrzymanie &hellip; </p>
<p class="link-more"><a href="https://ksm.legnica.pl/index.php/40dlz/" class="more-link">Czytaj dalej<span class="screen-reader-text"> „40 dni dla życia”</span></a></p>
