{"id":397,"date":"2019-09-05T13:34:05","date_gmt":"2019-09-05T11:34:05","guid":{"rendered":"http:\/\/ksm.legnica.pl\/?page_id=397"},"modified":"2024-03-26T23:54:21","modified_gmt":"2024-03-26T22:54:21","slug":"dokumenty","status":"publish","type":"page","link":"https:\/\/ksm.legnica.pl\/index.php\/dokumenty\/","title":{"rendered":"Dokumenty"},"content":{"rendered":"<p><a href=\"http:\/\/ksm.legnica.pl\/wp-content\/uploads\/2020\/02\/Podrecznik-KSM.pdf\">Podr\u0119cznik KSM<\/a><\/p>\n<p><strong>Wzory dokument\u00f3w<\/strong><\/p>\n<p><a href=\"https:\/\/ksm.legnica.pl\/wp-content\/uploads\/2020\/02\/Protok\u00f3\u0142-z-wybor\u00f3w-kierownictwa.pdf\" class=\"pdfemb-viewer\" style=\"\" data-width=\"max\" data-height=\"max\"  data-toolbar=\"bottom\" data-toolbar-fixed=\"off\">Protok\u00f3\u0142 z wybor\u00f3w kierownictwa<br\/><\/a>Protok\u00f3\u0142 z wybor\u00f3w Kierownictwa (<a href=\"http:\/\/ksm.legnica.pl\/wp-content\/uploads\/2020\/02\/Protok\u00f3\u0142-z-wybor\u00f3w-kierownictwa.pdf\">pobierz<\/a>)<\/p>\n<p><a href=\"https:\/\/ksm.legnica.pl\/wp-content\/uploads\/2020\/02\/Protok\u00f3\u0142-z-wybor\u00f3w-Kierownictwa-z-komisj\u0105-rewizyjn\u0105.pdf\" class=\"pdfemb-viewer\" style=\"\" data-width=\"max\" data-height=\"max\"  data-toolbar=\"bottom\" data-toolbar-fixed=\"off\">Protok\u00f3\u0142 z wybor\u00f3w Kierownictwa (z komisj\u0105 rewizyjn\u0105)<br\/><\/a>Protok\u00f3\u0142 z wybor\u00f3w Kierownictwa (z Komisj\u0105 Rewizyjn\u0105)\u00a0 <a href=\"http:\/\/ksm.legnica.pl\/wp-content\/uploads\/2020\/02\/Protok\u00f3\u0142-z-wybor\u00f3w-Kierownictwa-z-komisj\u0105-rewizyjn\u0105.pdf\">pobierz<\/a><\/p>\n<p><a href=\"https:\/\/ksm.legnica.pl\/wp-content\/uploads\/2020\/02\/zmiana-ksi\u0119dza-asystenta.pdf\" class=\"pdfemb-viewer\" style=\"\" data-width=\"max\" data-height=\"max\"  data-toolbar=\"bottom\" data-toolbar-fixed=\"off\">Zmiana ksi\u0119dza asystenta<br\/><\/a><a href=\"http:\/\/ksm.legnica.pl\/wp-content\/uploads\/2020\/02\/zmiana-ksi\u0119dza-asystenta.pdf\">Zmiana Ksi\u0119dza Asystenta<\/a><\/p>\n<p><a href=\"https:\/\/ksm.legnica.pl\/wp-content\/uploads\/2020\/02\/wz\u00f3r-rocznego-sprawozdania-z-dzia\u0142alno\u015bci-Oddzia\u0142u.pdf\" class=\"pdfemb-viewer\" style=\"\" data-width=\"max\" data-height=\"max\"  data-toolbar=\"bottom\" data-toolbar-fixed=\"off\">Wz\u00f3r rocznego sprawozdania z dzia\u0142alno\u015bci Oddzia\u0142u<br\/><\/a> <a href=\"http:\/\/ksm.legnica.pl\/wp-content\/uploads\/2020\/02\/wz\u00f3r-rocznego-sprawozdania-z-dzia\u0142alno\u015bci-Oddzia\u0142u.doc\">Wz\u00f3r rocznego sprawozdania z dzia\u0142alno\u015bci Oddzia\u0142u &#8211; pobierz doc<\/a>)<\/p>\n<p><a href=\"https:\/\/ksm.legnica.pl\/wp-content\/uploads\/2020\/02\/Protok\u00f3\u0142-z-zebrania-za\u0142o\u017cycielskiego-Oddzia\u0142u.pdf\" class=\"pdfemb-viewer\" style=\"\" data-width=\"max\" data-height=\"max\"  data-toolbar=\"bottom\" data-toolbar-fixed=\"off\">Protok\u00f3\u0142 z zebrania za\u0142o\u017cycielskiego Oddzia\u0142u<br\/><\/a><a href=\"http:\/\/ksm.legnica.pl\/wp-content\/uploads\/2020\/02\/Protok\u00f3\u0142-z-zebrania-za\u0142o\u017cycielskiego-Oddzia\u0142u.pdf\">Protok\u00f3\u0142 z zebrania za\u0142o\u017cycielskiego oddzia\u0142u<\/a><\/p>\n<p><a href=\"https:\/\/drive.google.com\/file\/d\/1d3ioCGFeI98CN_MiVBYYQmW1Oqc6ZX8V\/view?usp=sharing\">Protok\u00f3\u0142 z zebrania za\u0142o\u017cycielskiego ko\u0142a<\/a><\/p>\n<p><a href=\"https:\/\/drive.google.com\/file\/d\/14qtGsiTiXToADgjt2hRXIcW8YioC5bBI\/view?usp=sharing\">Deklaracja cz\u0142onkowska<\/a><\/p>\n<p><a href=\"https:\/\/drive.google.com\/open?id=1jUZvWm3NPDLryOa17DbXONztWg6wS2Ji\">Obrz\u0119d \u015blubowania<\/a><\/p>\n<p>&nbsp;<\/p>\n<p>&nbsp;<\/p>\n<h2><span style=\"text-decoration: underline;\"><strong>Podj\u0119te Uchwa\u0142y:<\/strong><\/span><\/h2>\n<p><a href=\"http:\/\/ksm.legnica.pl\/index.php\/dokumenty\/uchwaly-zarzadu\/\"><strong>Uchwa\u0142y Zarz\u0105du<\/strong><\/a><\/p>\n<p><a href=\"http:\/\/ksm.legnica.pl\/index.php\/dokumenty\/uchwaly-zjazdu-diecezjalnego\/\"><strong>Uchwa\u0142y Zjazdu Diecezjalnego<\/strong><\/a><\/p>\n<p>&nbsp;<\/p>\n<p>&nbsp;<\/p>\n<div class=\"mceTemp\"><\/div>\n<p>&nbsp;<\/p>\n","protected":false},"excerpt":{"rendered":"<p>Podr\u0119cznik KSM Wzory dokument\u00f3w Protok\u00f3\u0142 z wybor\u00f3w Kierownictwa (pobierz) Protok\u00f3\u0142 z wybor\u00f3w Kierownictwa (z Komisj\u0105 Rewizyjn\u0105)\u00a0 pobierz Zmiana Ksi\u0119dza Asystenta Wz\u00f3r rocznego sprawozdania z dzia\u0142alno\u015bci Oddzia\u0142u &#8211; pobierz doc) Protok\u00f3\u0142 z zebrania za\u0142o\u017cycielskiego oddzia\u0142u Protok\u00f3\u0142 z zebrania za\u0142o\u017cycielskiego ko\u0142a Deklaracja cz\u0142onkowska Obrz\u0119d \u015blubowania &nbsp; &nbsp; Podj\u0119te Uchwa\u0142y: Uchwa\u0142y Zarz\u0105du Uchwa\u0142y Zjazdu Diecezjalnego &nbsp; &nbsp; &nbsp;<\/p>\n","protected":false},"author":9,"featured_media":0,"parent":0,"menu_order":0,"comment_status":"closed","ping_status":"closed","template":"","meta":[],"_links":{"self":[{"href":"https:\/\/ksm.legnica.pl\/index.php\/wp-json\/wp\/v2\/pages\/397"}],"collection":[{"href":"https:\/\/ksm.legnica.pl\/index.php\/wp-json\/wp\/v2\/pages"}],"about":[{"href":"https:\/\/ksm.legnica.pl\/index.php\/wp-json\/wp\/v2\/types\/page"}],"author":[{"embeddable":true,"href":"https:\/\/ksm.legnica.pl\/index.php\/wp-json\/wp\/v2\/users\/9"}],"replies":[{"embeddable":true,"href":"https:\/\/ksm.legnica.pl\/index.php\/wp-json\/wp\/v2\/comments?post=397"}],"version-history":[{"count":22,"href":"https:\/\/ksm.legnica.pl\/index.php\/wp-json\/wp\/v2\/pages\/397\/revisions"}],"predecessor-version":[{"id":1610,"href":"https:\/\/ksm.legnica.pl\/index.php\/wp-json\/wp\/v2\/pages\/397\/revisions\/1610"}],"wp:attachment":[{"href":"https:\/\/ksm.legnica.pl\/index.php\/wp-json\/wp\/v2\/media?parent=397"}],"curies":[{"name":"wp","href":"https:\/\/api.w.org\/{rel}","templated":true}]}}